h). Calculate the highest common divisor of 306 and m.
34
Let v(q) = 7*q**2 - 4*q + 4. Let r be v(3). Let f = 16329 + -16309. Calculate the highest common divisor of r and f.
5
Let a = 154 + -87. Suppose 4*o - 81 = 3*k, -4*o + a = -o - k. Suppose -5*c - o = -7*c. What is the highest common divisor of c and 30?
6
Let f = -39 - -43. Suppose -s = 4*g + 32, -114 = f*s - 0*g + 2*g. Let p = s - -43. Calculate the highest common divisor of p and 105.
15
Let d(m) = 4*m**2 - 200*m - 374. Let g be d(52). Calculate the greatest common divisor of 5264 and g.
14
Suppose -48*z + 603 = -2496 - 21. Let s(h) = -25*h + 13. Let d be s(-13). What is the highest common factor of d and z?
13
Let x(q) be the second derivative of 1/3*q**3 + 1/20*q**5 + 7/2*q**2 + 0 - 1/4*q**4 + 21*q. Let y be x(3). Calculate the highest common factor of y and 26.
13
Let o(c) = 17*c**2 - 4*c - 5. Let i be o(-1). Suppose -14*r - 4*w = -17*r + 432, 144 = r - 5*w. Calculate the highest common factor of r and i.
16
Suppose 43 - 34 = -3*p. Let g be 4 + -1 - (p + 3). Suppose g*z = -z + 380. Calculate the greatest common divisor of z and 19.
19
Suppose -1672 = -z + 4*b + 8140, 3*z - 29366 = -2*b. What is the greatest common factor of z and 34?
34
Suppose 24 = 3*h + 2*s, 4*s + 0*s = -3*h + 24. Suppose -h = 3*i + 37. Let m be (8 + -23)*12/i. Calculate the highest common factor of 9 and m.
3
Suppose 11*l - 18*l + 216 = 29*l. Calculate the greatest common factor of l and 582.
6
Let o = 10 - -8. Suppose 13756 = -12*h + 964. Let q = -1064 - h. What is the greatest common factor of o and q?
2
Let y = -10654 - -11059. What is the greatest common factor of 1242 and y?
27
Let z be (759/(-55))/((-1)/15). Let x be ((-3)/(6/7))/((-2)/152). Let a be (-6)/(-4)*x/21 + 4. Calculate the highest common divisor of z and a.
23
Let g = -27062 - -29720. Calculate the greatest common factor of g and 6.
6
Let y be (-1)/(-2)*19*(20 + -10 - -4). Calculate the highest common divisor of y and 1577.
19
Let a(k) = -49*k - 1888. Let u be a(-46). What is the highest common factor of u and 3477?
183
Let a be (-7)/(56/16) + 50. Calculate the greatest common divisor of a and 120.
24
Let t be 3/((5/(-15855))/(-1 + 0)). What is the highest common divisor of t and 126?
63
Let u = -16 + 32. Suppose 53 = w - 5*g, 3*w - 269*g = -272*g + 141. Calculate the highest common factor of w and u.
16
Let c be ((-20)/12)/(2/(-180)). Suppose o + o = c. Let n = 85 - o. Calculate the highest common divisor of 30 and n.
10
Let x(t) = -t**3 - 20*t**2 - 54*t - 19. Let u be x(-17). Calculate the greatest common factor of 32 and u.
32
Let j(s) = 63*s + 5157. Let i be j(-81). Let c be 360/25*(-45)/(-2). Suppose 0 = 8*f - 4*f - c. Calculate the highest common factor of i and f.
27
Suppose -2*t = g - 2616, 0*g = -2*g + 15*t + 5327. Calculate the greatest common divisor of 78 and g.
26
Let l = -6718 - -7109. Let p(x) = 2*x**2 + 6*x - 3. Let k be p(-5). Calculate the greatest common divisor of k and l.
17
Suppose 0 = -5*d + m - 375 - 660, -4*d = -4*m + 828. Let r = d + 231. What is the greatest common divisor of 8 and r?
8
Let k = -42 + 42. Suppose k = -10*x + 11*x. Suppose 3*p + 2*g + g - 84 = 0, -4*p + 3*g + 119 = x. What is the greatest common factor of p and 87?
29
Let w(u) = 84*u - 2430. Let d be w(30). Calculate the highest common factor of 5598 and d.
18
Let p = 5689 + -5546. What is the greatest common factor of 182 and p?
13
Let q(x) = -8*x - 1. Let n be q(2). Let j = 18 + n. What is the highest common divisor of j and 1?
1
Let i be 4222 - (8/(-3) + (-1508)/(-174)). What is the greatest common divisor of 465 and i?
31
Suppose 0 = -35*g + 1241 + 1279. Suppose -114*v + 117*v - g = 0. What is the greatest common factor of 152 and v?
8
Let v(x) be the first derivative of 21*x**2/2 + 16*x - 18. Let u be v(4). Let n be (-13)/(-13) + (u/2 - 1). Calculate the highest common divisor of 10 and n.
10
Let r(m) = -4*m + 30. Let q be r(12). Let d be 0 - (-18)/81 - (-4)/q. Suppose -4*x - 23 + 43 = d. What is the highest common factor of x and 20?
5
Suppose -4*d - 659 = 4*t - 1267, d - 128 = 5*t. Calculate the greatest common factor of d and 56.
4
Let z = 51 + -46. Suppose -2*r - 3*o - 12 = -130, -z*o - 214 = -4*r. Suppose -r = -9*s + s. What is the greatest common factor of s and 7?
7
Suppose -5*b = -16 - 14. Let p(t) = -t**3 + 7*t**2 + 3*t - 26. Let m be p(b). Calculate the highest common divisor of 16 and m.
4
Suppose -112 = -u - 0*u. Suppose 62 = 15*x - 13. Suppose -2*s = 4*m - 224, 4*s = -2*m + x*s + 112. What is the highest common divisor of u and m?
56
Let n = 424 - -98. Suppose -24*s - 5*s = -n. Suppose 5*i - 2*i = 90. What is the highest common divisor of s and i?
6
Let s be -1 - (-2 + 1 + 12). Let a be (63/s)/(6/(-16)). Suppose 5*b - 343 = -3*t - 51, -5*b + 2*t = -272. What is the highest common divisor of a and b?
14
Suppose u + 3*u - 4*n = 140, 3*u - 4*n - 107 = 0. Suppose -u*t - 387 = -30*t. Let s = 157 + t. Calculate the highest common factor of 35 and s.
7
Let x = -88 - -179. Suppose 10 = 2*p - 4*k, 57 + 28 = 5*p + 5*k. Suppose -m + 182 = p*m. What is the highest common divisor of x and m?
13
Let b(j) = -242*j + 76. Let u be b(11). Let q be (20/(-6))/(-8 + u/(-324)). Calculate the greatest common factor of 80 and q.
20
Let v = -9805 - -9851. Calculate the highest common divisor of v and 26956.
46
Suppose 0 = 3*d + 11 + 19. Let c = 40 + d. Let w be c/((3 - 4) + 2). Calculate the highest common factor of 6 and w.
6
Let j(n) = -3*n**2 + 5*n + 3. Let v be j(3). Let x = v + 10. Let w = 17 + x. What is the highest common factor of w and 9?
9
Let h = -1083 - -4618. Calculate the highest common divisor of 5 and h.
5
Let p(d) = d**2 + 3*d + 2. Let z be p(-1). Suppose z = 428*i - 431*i + 1173. Calculate the highest common divisor of 17 and i.
17
Let n = 8406 - 8310. What is the highest common factor of n and 7776?
96
Let x be (-4)/26 + (-22176)/182. Let q = x + 155. What is the greatest common divisor of 121 and q?
11
Suppose -87*r = -21*r - 10626. Calculate the greatest common factor of r and 49.
7
Suppose 84 = -3*v - 153. Suppose 0 = -p + x + 83, 0 = 25*p - 24*p + 2*x - 80. Let s = p + v. What is the highest common factor of 9 and s?
3
Let z = 412 + -875. Let g = z - -487. Calculate the greatest common factor of g and 156.
12
Let s(j) = 52*j - 273. Let o be s(8). Suppose -2 = -2*y + 4. Let t(l) = 4*l + 1. Let w be t(y). Calculate the greatest common divisor of o and w.
13
Let v = -484 + 488. Suppose -2*z - 2*u + 54 = 0, -v*u = -19*z + 21*z - 54. Calculate the highest common divisor of z and 621.
27
Let j be (-8 - 2*56/(-20))/(6/(-5560)). What is the highest common factor of j and 64?
16
Let x be (-14 - 1)*4/(-12). Suppose 3*v + 3*h = 108, 4*h = -x*v - 0*h + 183. Let o = v + -5. Calculate the highest common divisor of o and 238.
34
Suppose -8*z + 6 = -5*z. Suppose -x = -z, d + 5*x + 5 = 6*d. Calculate the highest common factor of d and 51.
3
Let a = -20690 - -20754. Calculate the greatest common factor of 36544 and a.
64
Let b be 49176/45 + ((-62)/(-10) - 7). Calculate the highest common factor of b and 234.
78
Suppose -l - 19 = 2*r, -7*l + 3*r + 95 = -12*l. Let p(w) = w**2 + 6*w - 145. Let j be p(l). What is the greatest common factor of 357 and j?
51
Suppose -4*o = -71 - 17. Let q = -81 + o. Let f = q + 71. Calculate the greatest common divisor of 48 and f.
12
Suppose -196*f = 249*f - 143*f - 5254800. Calculate the greatest common divisor of 290 and f.
290
Let i be 8*2*(-6)/(-2). Let u be (-6)/(-12)*(-1 + 1). Suppose u = 4*w - 244 - 44. Calculate the highest common divisor of w and i.
24
Suppose -4*z + m + 51 = -0*z, -3*z + 4*m + 22 = 0. Let v be (z/10 - 2)*-70. What is the greatest common factor of v and 6?
6
Suppose 2*m = -3*s + 537, 4*m - 1674 + 609 = -3*s. Suppose -2*u + 173 = -3*c - 91, -m = -2*u - 5*c. What is the highest common divisor of 297 and u?
33
Suppose 11*m - 5*m - 36 = 0. Let o(w) = w**3 + 7*w**2 - 25*w - 1 + 3*w**2 - 5. Let f be o(-12). Calculate the greatest common divisor of m and f.
6
Let t be ((-18)/(-4))/(-8*27/(-3024)). Calculate the highest common factor of 581 and t.
7
Let f be ((-4)/6 - -1)/((-15)/(-270)). Let r be 3/9 - (176/(-12) - f). What is the highest common divisor of r and 49?
7
Suppose 80 = w + 3*w. Let a(n) = -21*